= -o**3 + 123*o**2 - 2092*o - 108. Does 17 divide t(101)?
True
Suppose 4*u = 5*n - 62, 0*u = -4*n + 2*u + 46. Suppose -n*x = -4*h - 8*x + 586, -x = h - 139. Is h a multiple of 8?
True
Suppose 2*x - 11 = 4*c + 23, -5*x - c = -41. Suppose 2*z - 4*n = -x*n + 200, 3*z - 325 = 5*n. Is 21 a factor of z?
True
Let c(a) = 99*a + 2981. Is 110 a factor of c(21)?
True
Suppose 0 = 4*p - 3*x + x - 2576, 3*x = -12. Let t = p - 250. Does 56 divide t?
True
Let u(p) = -3*p + 22. Let s = -27 - -29. Let f(q) = -q**3 - 3*q**2 + 8*q - 7. Let h be f(s). Does 11 divide u(h)?
True
Let s be 12/(-2) + 16/2. Suppose -9*a + 594 = s*a. Is a a multiple of 2?
True
Let t = 52 + -42. Let k be 5 + 0 - (t + 3). Is 42 a factor of 5*4/k*-84?
True
Let y be (7 - -2) + 19 + -76. Is 6 a factor of (y - 516)/(2/(-3))?
True
Suppose 0 = -3*r - 17 - 1. Let l(f) = 2*f + 1. Let b be l(r). Let c = b - -29. Is 6 a factor of c?
True
Let o(d) = 5*d + 89. Let t be o(-17). Is 2 a factor of 75/10*t/2?
False
Does 8 divide (-419)/((13 - (14 + 0))/((-1)/(-1)))?
False
Suppose -2*u + 5*m = -569, -2*m + 7*m + 1415 = 5*u. Is u a multiple of 15?
False
Let v = -9677 - -10512. Does 79 divide v?
False
Suppose -n + 413 = 4*y, 4*y = 2*n + 589 - 167. Suppose 2*q + y + 120 = 0. Let a = 217 + q. Is a a multiple of 15?
True
Let m(y) = -y**3 - 10*y**2 - 3*y + 26. Let u be m(-9). Let g be (-637)/(-6) - (u/(-24) + -1). Is 15 a factor of 17/(-17) + g + 0?
True
Let u(v) = 3*v - 29. Suppose 5*t = 3*z + 42, -3*t + 0*t + 3*z + 30 = 0. Suppose -264 = -t*q - 5*q. Is 11 a factor of u(q)?
False
Is 10/(-40) + (393192/32 - 10) a multiple of 44?
False
Let m be 36/126 - (-542)/14. Suppose -m = -3*h - 5*k + 37, -133 = -5*h - 2*k. Is h a multiple of 2?
False
Suppose 3221855 = -16461*z + 16534*z. Does 13 divide z?
True
Let n = 66 - 64. Let q be (n/(-1))/((-7)/343). Is (q/5)/(18/45) a multiple of 19?
False
Let d = 1516 + 1421. Does 33 divide d?
True
Let k be 11869/(-39) + 2/(-3). Let t = -268 - k. Is 7 a factor of t?
False
Let l(o) = 5*o**3 - 2*o**2 + 19*o - 249. Is l(12) a multiple of 116?
False
Let t = 306 + -301. Suppose t*a - 3185 = 2*y, 0 = 5*a + 7*y - 6*y - 3185. Does 13 divide a?
True
Is 17/((-136)/(-300640)) + 16 a multiple of 241?
True
Let u be (-218)/(-1) - 315/105. Suppose -3*x + 3*d + 19 = 4*d, -3*d + 17 = x. Suppose -i - p = -35, -x*i + 2*p + u = -3*p. Is i a multiple of 13?
True
Let s = 10187 - 3339. Is 27 a factor of 6/(-27)*2 - s/(-18)?
False
Let o(c) = 102*c**2 - 1046*c + 8387. Is 5 a factor of o(8)?
False
Let a = 942 + -610. Suppose -n = -4*s + 324, -4*s + 2*n = 3*n - a. Is s a multiple of 64?
False
Let r be (3 - 1)/(3/(696/16)). Suppose -35*j + r*j = -2250. Does 43 divide j?
False
Let f(k) = 7*k**2 - 327*k + 4112. Is f(13) a multiple of 116?
True
Is (83/(-166))/(-1 + 1791/1794) a multiple of 23?
True
Suppose 3309493 + 1044149 = 74*y. Is y a multiple of 27?
True
Suppose 0 = 228*l - 17*l - 1727394 - 1723089. Is 14 a factor of l?
False
Let i(n) = -94640*n - 26 + 8*n**2 + 94659*n - 17. Is i(5) a multiple of 21?
True
Suppose 15*o - 53197 = 9*o + 12275. Does 124 divide o?
True
Let j be 16 + -12 - (-3 - 0 - -2). Suppose j*z = 3*x - 1960, 1966 = 44*x - 41*x + z. Is 10 a factor of x?
False
Let u be (-2 - 17) + (-13)/(-39)*(1 - -11). Let n(t) be the third derivative of t**5/60 + 5*t**4/12 - 4*t**3/3 - t**2. Is n(u) a multiple of 4?
False
Let x(w) = -4*w**3 - w**2 - w + 1. Let c be x(-1). Suppose -b - 229 = -4*o, -c*o = b + 409 - 144. Does 7 divide b/(-7) - (3 + 0)?
False
Let k = -296 + 428. Let r be (k/18 - 8/6) + -4. Is 10 a factor of (-3)/(-2) - ((-4335)/r)/17?
False
Suppose b + 4 = 6. Suppose y - 5 = -b*n, -2*y + 0*y + 4 = n. Suppose 2*v = 8, -n*z + 3*v + 94 = 5*v. Is 15 a factor of z?
False
Let r = -63 + 73. Suppose -941 = -r*p + 1059. Is 25 a factor of p?
True
Suppose 5*j + 253 = -92. Let q = 8211 + -8109. Let y = j + q. Is 6 a factor of y?
False
Does 67 divide (-1)/(3/213*1/(-1))?
False
Suppose 0 = 5*n - t - 90801 - 22259, t = -5. Does 50 divide n?
False
Let h(g) = 4*g + 14. Let s be h(-7). Let d be s/(-6) - (-10)/(-30). Does 15 divide 182 + -4*(3/d - 1)?
True
Let j = -28 + 23. Let n(b) = 11*b**2 + 4*b - 12. Does 27 divide n(j)?
True
Is 1*(-6 - (-1 - 1) - 2)*-6 even?
True
Let c(j) be the second derivative of j**4/2 + j**3/6 - 13*j**2 + j - 4. Is c(-5) a multiple of 17?
True
Suppose -3*u - 14 = -2. Let n = 1 - u. Suppose -2*z - 5*g - 4 - 5 = 0, n*z - 15 = -5*g. Does 5 divide z?
False
Let r(k) = k**3 - 4*k**2 + 10. Suppose 18 - 6 = 2*x + 2*v, 2*x = v + 18. Is r(x) a multiple of 19?
True
Suppose -u + 3*l + 26 = -14, -4*l - 152 = -4*u. Suppose -14*o = -u*o + 1288. Is 7 a factor of o?
True
Let s(c) = -c**3 + 8*c**2 - 4*c + 8. Let t be s(6). Let u be 1/((-4)/(-3)) + (-42)/t. Suppose 16*l - 4*l - 1344 = u. Is l a multiple of 6?
False
Suppose -275*f = -305*f + 1710. Is f a multiple of 2?
False
Let a = 46077 - 27903. Does 6 divide a?
True
Suppose -3*h - z = -3009 - 13307, h + 3*z - 5420 = 0. Is 27 a factor of h?
False
Suppose 4*w - 4751 = 2545 + 1612. Does 29 divide w?
False
Let x = 419 - 263. Let a = 414 - x. Is a a multiple of 6?
True
Suppose 44*a - 940644 = -9*a. Is a a multiple of 68?
True
Let t(n) = -5344*n**3 + 4*n**2 - 2*n + 2. Let s be t(1). Is (-4)/(-18) - (-3)/((-81)/s) a multiple of 14?
False
Suppose 24743 + 101635 = 42*k. Does 4 divide k?
False
Is 18*9/243 - (87542/6)/(-1) a multiple of 16?
False
Let q = 59622 + -38637. Does 15 divide q?
True
Let w be (-4)/74 + (-188048)/(-259). Suppose 5*i + 2679 = 3*h, 2*h - 5*i - w - 1065 = 0. Is 6 a factor of h?
True
Is 173 a factor of ((-1895)/10)/(0 + (-14)/1232)?
False
Let j = -54553 + 88183. Suppose 5*b - 43*b = -j. Is 59 a factor of b?
True
Let k(t) = 20*t + 46. Let d be k(-20). Let c = d - -558. Is c a multiple of 17?
True
Suppose -4257 = -y + u + 56255, -5*y = -3*u - 302564. Is 383 a factor of y?
True
Let y be 2 + -2 + 21 + 36/(-6). Let p = y + -45. Is 9 a factor of (60/(-50))/(1/p)?
True
Let j be 14/10 - 1 - (-97872)/120. Suppose -3*t - j = -4*t. Suppose 3*m + 168 - t = 0. Does 25 divide m?
False
Let m(f) = -f**2 + 26*f + 59. Let k(n) = n + 1. Let a(g) = -3*k(g) + m(g). Let o be a(25). Suppose 4*c + 44 = o*c. Does 9 divide c?
False
Suppose -4 = 3*y - 94. Is 4*1/y + 1436/30 a multiple of 6?
True
Suppose 8 = -4*r, -3*o - 246 = r - 4*r. Is (68/(-8))/(7/o) a multiple of 6?
True
Let n(g) be the first derivative of -g**4/4 - 7*g**3/3 + 11*g**2 - g + 120. Is 12 a factor of n(-10)?
False
Does 8 divide ((-108)/(-6))/((18/2)/864)?
True
Suppose 5*l - 5 = 0, -5*l = 31*i - 35*i + 37795. Is i a multiple of 161?
False
Let n(d) = -203*d - 8. Suppose 0*t = -t + 5*y - 15, 3*t + 5*y + 25 = 0. Let r = 9 + t. Is n(r) a multiple of 9?
False
Let x = 6879 - 4575. Is 9 a factor of x?
True
Let m be (16/12)/((-2)/(-6)). Suppose n - 5*t - 20 = 0, 2*t = m*t + 6. Suppose -o + 52 + n = 0. Does 19 divide o?
True
Let z(x) be the second derivative of 97*x**4/3 + 92*x. Does 11 divide z(-1)?
False
Let b(l) = 16*l**2 + l + 2. Let z(n) = 3*n**2 + 44*n - 16. Let s be z(-15). Is b(s) a multiple of 2?
False
Suppose -i + 815*l - 813*l + 21176 = 0, -2*l + 63480 = 3*i. Is 52 a factor of i?
True
Let a = -6 - -104. Let c be a - -3*2/6. Let x = c - -5. Is 13 a factor of x?
True
Let q = -75 + 97. Suppose -s = -5*f + 3*s + 39, -3*f + s = -q. Suppose 0 = f*t - 340 - 206. Is t a multiple of 6?
True
Let v(o) = 606*o + 1174. Does 25 divide v(42)?
False
Suppose -2*d + 5*l = -13127, -d - 262*l + 6616 = -247*l. Is 41 a factor of d?
False
Suppose -21820 = -3*c - 152*t + 156*t, -14544 = -2*c + 4*t. Is c a multiple of 107?
True
Suppose -5*s + 5*h = -71050, -370*s + h - 71080 = -375*s. Is 5 a factor of s?
True
Suppose -3*p = 2*v + v + 9, 3*p = -5*v - 15. Let i be 11/(-33) + (-1407)/(-9). Suppose 3*s - 96 - i = p. Is 13 a factor of s?
False
Suppose 18 = -4*h + h + 5*k, 5*k = 5*h + 30. Let r(f) = -4*f - 21. Let q be r(h). Suppose -3*v = -q*x + 243, 5*x + 3*v - 417 = 4*v. Is 14 a factor of x?
True
Does 10 divide -2 - -8557 - (-23 - -8)?
True
Let n(q) = -6*q**2 + 31*q + 7. Let y(c) = 7*c**2 - 32*c - 7. Let b(r) = 6*n(r) + 5*y(r). Is b(6) a multiple of 12?
False
Let q(z) = z**3 + 4*z**2 - z + 2. Let v be q(-5). Suppose 5*f + 8 + 2 = 0, 5*s - 177 = -4*f. Let c = s + v. Is c a multiple of 3?
False
Suppose 4*t + k - 23794 - 46918 = 0